{"id":664,"date":"2017-06-08T07:25:18","date_gmt":"2017-06-08T05:25:18","guid":{"rendered":"http:\/\/www.birgitlange.com\/freies_theater\/?page_id=664"},"modified":"2025-04-01T08:06:09","modified_gmt":"2025-04-01T06:06:09","slug":"bico","status":"publish","type":"page","link":"http:\/\/www.birgitlange.com\/freies_theater\/bico\/","title":{"rendered":"Bico!"},"content":{"rendered":"<h4>\u201eBico trifft voll ins Herz! Ein Mensch, der sich nicht sofort total verliebt, muss schon tot sein!\u201c<\/h4>\n<h4>\u201eDie Furchen, die sich durchs Leben ziehen, werden wunderbar zartbitter ausgekleidet. So schafft das nur eine!\u201c<\/h4>\n<h4>\u201eGef\u00fchlvoll, witzig, nachdenklich stimmend, unwahrscheinlich sch\u00f6n.\u201c<\/h4>\n<p>Das sind nur drei von unz\u00e4hligen begeisterten G\u00e4stestimmen \u00fcber die Bremer Ausnahmek\u00fcnstlerin.<\/p>\n<p>Bico LaFrey absolvierte Schauspiel- und klassisches Gesangsstudium in Hamburg, Bremen und New York City. Zudem schreibt sie Prosa, Lyrik (Lyrikband: <a href=\"https:\/\/youtu.be\/W9QHIaQwM3g\" target=\"_blank\" rel=\"noopener noreferrer\"><span style=\"color: #993366;\">unbeschirmt<\/span><\/a>), Theaterst\u00fccke und Drehb\u00fccher, f\u00fchrt Regie und produziert Theaterst\u00fccke und Filme.<\/p>\n<p>Sie stand schon im legend\u00e4ren Fassbinder-Theater Concordia auf der B\u00fchne und sang solistisch im Bremer Dom.<\/p>\n<p>Als jugendlich-dramatischer <a href=\"https:\/\/youtu.be\/PtKrgA1HdZk\" target=\"_blank\" rel=\"noopener noreferrer\"><span style=\"color: #993366;\">Sopran<\/span><\/a> eiferte sie viele Jahre ihrem gro\u00dfen Vorbild Maria Callas nach, bevor sie sich vor einigen Jahren musikalisch auch dem Cross-Over \u00f6ffnete und in ihren eigenen Programmen mittlerweile so unterschiedliche Genres wie Klassik, Musical, Pop und Chanson vereint. Immer jedoch mit dem unverwechselbaren Bico-Faktor.<\/p>\n<p>Seit \u00fcber 20 Jahren erfreut und ber\u00fchrt sie deutschlandweit in mittlerweile weit \u00fcber 60 Theater- und Musiktheaterproduktionen ihr Publikum.<\/p>\n<p>2013 gr\u00fcndete sie das &#8222;Freie Theater Bremen&#8220; und ist unter diesem Namen mit diversen Eigen-Produktionen auf Tour. Besonders beliebt sind hier der maritime Liederabend <a href=\"https:\/\/youtu.be\/svkn5iEfN4Y\" target=\"_blank\" rel=\"noopener\"><span style=\"color: #993366;\">Meeresrauschen<\/span><\/a> und das tragikomische Musiktheaterst\u00fcck <a href=\"https:\/\/youtu.be\/uvz0j_rknXU\" target=\"_blank\" rel=\"noopener\"><span style=\"color: #993366;\">Liebestaumel<\/span><\/a>, die szenischen Lesungen <span style=\"color: #993366;\"><a style=\"color: #993366;\" href=\"https:\/\/youtu.be\/W9QHIaQwM3g\" target=\"_blank\" rel=\"noopener\">Kindlein mein, schlaf nur ein<\/a><\/span> und <a href=\"https:\/\/youtu.be\/W9QHIaQwM3g\" target=\"_blank\" rel=\"noopener\"><span style=\"color: #993366;\">Bei Weihnachtsmanns Zuhause<\/span><\/a> mit dem Bremer Schauspieler Martin Gresselmeyer, sowie der Klassiker zum Jahreswechsel <a href=\"https:\/\/youtu.be\/W9QHIaQwM3g\" target=\"_blank\" rel=\"noopener\"><span style=\"color: #993366;\">Dinner for One<\/span><\/a> mit Ulf Albrecht als Butler James.<\/p>\n<p>In der Schwankhalle Bremen war sie als Gretel in &#8222;Die Wahrheit \u00fcber H\u00e4nsel und Gretel\u201c und als Yitzhak im umjubelten Rockmusical <a href=\"https:\/\/youtu.be\/P8-IuWTPy_M?si=aMP-jgJFWkaNjULV\" target=\"_blank\" rel=\"noopener\"><span style=\"color: #993366;\">Hedwig and the Angry Inch<\/span><\/a> zu sehen.<\/p>\n<p>Seit 2012 arbeitet sie verst\u00e4rkt auch vor der Kamera, u.a. im Bremer Tatort, der internationalen Spielfilmproduktion <span style=\"color: #993366;\"><a style=\"color: #993366;\" href=\"https:\/\/youtu.be\/k_b50g_1ra4?si=GlN5NupHTQL-f-dQ\" target=\"_blank\" rel=\"noopener\">Razzmatazz <\/a><\/span>und dem in 2025 erscheinenden Kunstfilm <a href=\"https:\/\/www.instagram.com\/evitaemersleben\/reel\/C_n3N6xt6-J\/?hl=de\" target=\"_blank\" rel=\"noopener\">UNRAVEL<\/a>. 2016 gr\u00fcndete sie ihre eigene Produktionsfirma <a href=\"http:\/\/www.birgitlange.com\/bicolution_2016\/\" target=\"_blank\" rel=\"noopener noreferrer\"><em><strong><span style=\"color: #008080;\"><span style=\"color: #993366;\">Bicolution Pictures<\/span><\/span><\/strong><\/em><\/a> mit der sie ihren ersten eigenen Mittellangen Spielfilm <a href=\"https:\/\/youtu.be\/P8-IuWTPy_M?si=aMP-jgJFWkaNjULV\" target=\"_blank\" rel=\"noopener\"><span style=\"color: #993366;\">GETTING HIM BACK<\/span><\/a> produzierte, der 2020 auf dem EFM der Berlinale und danach auf \u00fcber 30 internationalen Festivals lief und viele Preise gewinnen konnte. Mittlerweile wird Getting him Back von 7 Palms Entertainment LLC (us) vertrieben und kann u.a. auf Amazon Prime <a href=\"https:\/\/www.amazon.com\/Getting-Him-Back-Suzanne-Comb%C3%BCchen\/dp\/B0B5WX17RH\" target=\"_blank\" rel=\"noopener\">HIER<\/a> gestreamt werden. Ebenfalls fertigestellt wurden der Kinderfilm <a href=\"https:\/\/youtu.be\/jdcPqoztOsg\" target=\"_blank\" rel=\"noopener noreferrer\"><span style=\"color: #993366;\">Insider versus Outsider<\/span><\/a> (gef\u00f6rdert vom Senator f\u00fcr Kultur Bremen, Trailer <a href=\"https:\/\/youtu.be\/jdcPqoztOsg?si=DxOBrPZzLixvF8_N\" target=\"_blank\" rel=\"noopener\">HIER<\/a>) und der Kurzfilm mit Jugendlichen CONNECTED. In der Postproduktion befindet sich der Kurzspielfilm <a href=\"https:\/\/youtu.be\/-_uM4l1s25k?si=FWB_XFWupUlu58Sr\" target=\"_blank\" rel=\"noopener\">BEN<\/a>. In der Vorproduktion befinden sich das internationale Frauenfilmprojekt <a href=\"https:\/\/www.facebook.com\/fourseasonsmovie\/\"><span style=\"color: #993366;\">Four Seasons<\/span><\/a>, das vier Filmemacherinnen aus der ganzen Welt zusammenbringt und das Filmmusical MOIN M\u00c4DELS.<\/p>\n<p>Daneben war Bico von 2010 bis 2018 als Schauspieldozentin an Deutschlands gr\u00f6\u00dfter Kinder- und Jugendschauspielschule TASK t\u00e4tig, von 2014 &#8211; 2018 an der Musikschule Rothaus in Weyhe und leitete von 2018 bis 2022 ihre eigene Schauspielklasse <a href=\"http:\/\/www.birgitlange.com\/freies_theater\/schauspielunterricht\/\"><span style=\"color: #993366;\">Bicos Schauspielkids B\u00fchne und Kamera<\/span><\/a> in Obervieland. F\u00fcr die Nieders\u00e4chsische Landjugend produzierte sie zusammen mit 35 jungen Erwachsenen das Theaterst\u00fcck <a href=\"https:\/\/lokalheute.de\/lob-von-allen-seiten-fuer-auftritte-der-landjugend?fbclid=IwAR1-LfYYUUmfiHW7cGIM0qMpt54vgvcy2uc3l1_VnF18r7bc10s5OFl8Gmw\"><span style=\"color: #993366;\">Undercover in Gummistiefeln<\/span><\/a>, welches im Januar 2020 vor 2500 begeisterten Zuschauern auf der Gr\u00fcnen Woche in Berlin uraufgef\u00fchrt wurde, mit den OsterSTREICHh\u00f6lzern Bremen brachte sie 2022 das musikalische M\u00e4rchen DAS MAGISCHE NOTENHEFT auf die B\u00fchne und f\u00fcr die Freie Waldorfschule Osterholz Bremen 2024 das Theaterst\u00fcck IM BANN VON RICHARD. Ab Herbst 2025 k\u00f6nnen Kinder und Jugendliche bei ihr in Projektarbeit Theaterschauspiel und Camera Acting lernen.<\/p>\n<p>Weitere Informationen unter: <a href=\"https:\/\/www.crew-united.com\/?bio=20831\" target=\"_blank\" rel=\"noopener noreferrer\"><span style=\"color: #993366;\"><strong>www.BicoLaFrey.com und<\/strong><\/span><\/a> <span style=\"color: #993366;\"><strong><a style=\"color: #993366;\" href=\"http:\/\/www.bicolution.de\" target=\"_blank\" rel=\"noopener noreferrer\">www.Bicolution.de<\/a><\/strong><\/span><\/p>\n<p>Bico bei <a href=\"https:\/\/www.filmmakers.eu\/de\/actors\/bico-lafrey\" target=\"_blank\" rel=\"noopener\">FILMMAKERS<\/a><\/p>\n<p>Offizielle Facebook Fanseiten: <span style=\"color: #993366;\"><strong><a style=\"color: #993366;\" href=\"https:\/\/www.facebook.com\/bicola.fanpage\" target=\"_blank\" rel=\"noopener noreferrer\">https:\/\/www.facebook.com\/bicola.fanpage<\/a><\/strong><\/span> und <span style=\"color: #993366;\"><strong><a style=\"color: #993366;\" href=\"https:\/\/www.facebook.com\/freiestheaterbremen\" target=\"_blank\" rel=\"noopener noreferrer\">https:\/\/www.facebook.com\/freiestheaterbremen<\/a><\/strong><\/span><\/p>\n<p>Instagram <a href=\"https:\/\/www.instagram.com\/bico_lafrey\/\" target=\"_blank\" rel=\"noopener\">BICO LAFREY<\/a><\/p>\n<p>Instagram <a href=\"https:\/\/www.instagram.com\/bicolution_pictures\/\" target=\"_blank\" rel=\"noopener\">BICOLUTION PICTURES<\/a><\/p>\n<p>Offizieller <a href=\"https:\/\/www.youtube.com\/@BicoLaFrey\" target=\"_blank\" rel=\"noopener\">YOUTUBE KANAL BICO<\/a><\/p>\n\n\n<p><\/p>\n","protected":false},"excerpt":{"rendered":"","protected":false},"author":1,"featured_media":0,"parent":0,"menu_order":7,"comment_status":"closed","ping_status":"closed","template":"","meta":[],"_links":{"self":[{"href":"http:\/\/www.birgitlange.com\/freies_theater\/wp-json\/wp\/v2\/pages\/664"}],"collection":[{"href":"http:\/\/www.birgitlange.com\/freies_theater\/wp-json\/wp\/v2\/pages"}],"about":[{"href":"http:\/\/www.birgitlange.com\/freies_theater\/wp-json\/wp\/v2\/types\/page"}],"author":[{"embeddable":true,"href":"http:\/\/www.birgitlange.com\/freies_theater\/wp-json\/wp\/v2\/users\/1"}],"replies":[{"embeddable":true,"href":"http:\/\/www.birgitlange.com\/freies_theater\/wp-json\/wp\/v2\/comments?post=664"}],"version-history":[{"count":40,"href":"http:\/\/www.birgitlange.com\/freies_theater\/wp-json\/wp\/v2\/pages\/664\/revisions"}],"predecessor-version":[{"id":893,"href":"http:\/\/www.birgitlange.com\/freies_theater\/wp-json\/wp\/v2\/pages\/664\/revisions\/893"}],"wp:attachment":[{"href":"http:\/\/www.birgitlange.com\/freies_theater\/wp-json\/wp\/v2\/media?parent=664"}],"curies":[{"name":"wp","href":"https:\/\/api.w.org\/{rel}","templated":true}]}}